 is the units digit of 32534633?
3
What is the ten thousands digit of 134272?
3
What is the thousands digit of 748119?
8
What is the hundred thousands digit of 503277?
5
What is the hundreds digit of 6412?
4
What is the millions digit of 6749308?
6
What is the thousands digit of 3747457?
7
What is the hundreds digit of 1012388?
3
What is the units digit of 166668?
8
What is the ten thousands digit of 772872?
7
What is the units digit of 20080224?
4
What is the hundred thousands digit of 472833?
4
What is the units digit of 22192?
2
What is the tens digit of 954422?
2
What is the units digit of 1237383?
3
What is the units digit of 944763?
3
What is the tens digit of 4942856?
5
What is the thousands digit of 1764167?
4
What is the units digit of 8265859?
9
What is the tens digit of 360614?
1
What is the tens digit of 6562907?
0
What is the tens digit of 18137073?
7
What is the units digit of 1528350?
0
What is the hundred thousands digit of 6636181?
6
What is the millions digit of 1687450?
1
What is the millions digit of 1634950?
1
What is the thousands digit of 2441311?
1
What is the ten thousands digit of 2761023?
6
What is the ten thousands digit of 576241?
7
What is the hundred thousands digit of 305965?
3
What is the ten thousands digit of 511885?
1
What is the hundred thousands digit of 249951?
2
What is the units digit of 135844?
4
What is the millions digit of 10205166?
0
What is the hundreds digit of 275449?
4
What is the millions digit of 1450720?
1
What is the ten millions digit of 27544403?
2
What is the hundred thousands digit of 2381974?
3
What is the units digit of 1346362?
2
What is the millions digit of 10392317?
0
What is the units digit of 271159?
9
What is the thousands digit of 4781510?
1
What is the tens digit of 273154?
5
What is the millions digit of 18197119?
8
What is the ten thousands digit of 4271284?
7
What is the hundreds digit of 2264275?
2
What is the hundreds digit of 126078?
0
What is the hundreds digit of 4069591?
5
What is the thousands digit of 231028?
1
What is the hundreds digit of 1047708?
7
What is the thousands digit of 5395443?
5
What is the ten millions digit of 11459442?
1
What is the thousands digit of 496784?
6
What is the ten thousands digit of 190497?
9
What is the hundreds digit of 4166151?
1
What is the tens digit of 317570?
7
What is the hundreds digit of 786774?
7
What is the ten thousands digit of 33302?
3
What is the millions digit of 7318069?
7
What is the hundred thousands digit of 1442198?
4
What is the tens digit of 13802401?
0
What is the ten thousands digit of 2905973?
0
What is the ten thousands digit of 180290?
8
What is the hundred thousands digit of 360598?
3
What is the tens digit of 1282448?
4
What is the hundreds digit of 501545?
5
What is the millions digit of 2331224?
2
What is the ten thousands digit of 6142672?
4
What is the thousands digit of 3983146?
3
What is the thousands digit of 18733961?
3
What is the units digit of 1754396?
6
What is the tens digit of 222758?
5
What is the tens digit of 17062951?
5
What is the ten thousands digit of 2698828?
9
What is the hundred thousands digit of 904456?
9
What is the ten thousands digit of 6787157?
8
What is the thousands digit of 4216293?
6
What is the hundred thousands digit of 3219142?
2
What is the thousands digit of 6920377?
0
What is the units digit of 301787?
7
What is the thousands digit of 6618272?
8
What is the units digit of 2041471?
1
What is the tens digit of 1509544?
4
What is the hundreds digit of 25580751?
7
What is the units digit of 1579007?
7
What is the ten thousands digit of 201511?
0
What is the tens digit of 1587095?
9
What is the ten thousands digit of 640601?
4
What is the hundreds digit of 122307?
3
What is the hundred thousands digit of 3118264?
1
What is the units digit of 556453?
3
What is the tens digit of 529541?
4
What is the hundred thousands digit of 834766?
8
What is the units digit of 341484?
4
What is the millions digit of 15799691?
5
What is the hundred thousands digit of 272155?
2
What is the thousands digit of 628375?
8
What is the units digit of 16277?
7
What is the hundred thousands digit of 1365093?
3
What is the hundred thousands digit of 5969006?
9
What is the units digit of 181167?
7
What is the hundreds digit of 1917295?
2
What is the thousands digit of 639681?
9
What is the tens digit of 1349010?
1
What is the hundred thousands digit of 5223671?
2
What is the ten thousands digit of 393852?
9
What is the thousands digit of 168586?
8
What is the millions digit of 14382513?
4
What is the hundred thousands digit of 3211998?
2
What is the tens digit of 5664151?
5
What is the ten thousands digit of 96596?
9
What is the units digit of 14096683?
3
What is the units digit of 360784?
4
What is the millions digit of 10006392?
0
What is the ten thousands digit of 15458993?
5
What is the thousands digit of 190882?
0
What is the millions digit of 2902427?
2
What is the hundred thousands digit of 261965?
2
What is the thousands digit of 415005?
5
What is the tens digit of 373297?
9
What is the hundreds digit of 4376983?
9
What is the thousands digit of 3188338?
8
What is the ten thousands digit of 825776?
2
What is the tens digit of 1930725?
2
What is the ten millions digit of 11033335?
1
What is the units digit of 82794?
4
What is the units digit of 67347?
7
What is the tens digit of 22093927?
2
What is the tens digit of 867019?
1
What is the tens digit of 1507863?
6
What is the ten millions digit of 12809176?
1
What is the units digit of 335435?
5
What is the ten thousands digit of 817538?
1
What is the hundreds digit of 366175?
1
What is the units digit of 524648?
8
What is the units digit of 23397604?
4
What is the units digit of 37676716?
6
What is the thousands digit of 346183?
6
What is the tens digit of 187679?
7
What is the thousands digit of 12005576?
5
What is the ten millions digit of 10703773?
1
What is the units digit of 2498?
8
What is the ten thousands digit of 1236493?
3
What is the thousands digit of 191152?
1
What is the hundred thousands digit of 2338528?
3
What is the hundreds digit of 17008408?
4
What is the units digit of 287506?
6
What is the tens digit of 7011974?
7
What is the millions digit of 7791319?
7
What is the millions digit of 25158088?
5
What is the thousands digit of 66757?
6
What is the ten thousands digit of 188756?
8
What is the ten thousands digit of 21951391?
5
What is the thousands digit of 924571?
4
What is the tens digit of 238719?
1
What is the thousands digit of 38564?
8
What is the hundred thousands digit of 2372614?
3
What is the ten thousands digit of 16291530?
9
What is the thousands digit of 67929?
7
What is the ten thousands digit of 126518?
2
What is the hundreds digit of 462400?
4
What is the ten thousands digit of 106552?
0
What is the ten thousands digit of 18357057?
5
What is the hundred thousands digit of 5160116?
1
What is the ten millions digit of 16752010?
1
What is the thousands digit of 258895?
8
What is the ten thousands digit of 5768774?
6
What is the units digit of 396491?
1
What is the hundreds digit of 13411065?
0
What is the tens digit of 3828163?
6
What is the tens digit of 8409846?
4
What is the ten thousands digit of 1526537?
2
What is the millions digit of 1037267?
1
What is the ten thousands digit of 28067865?
6
What is the millions digit of 20383095?
0
What is the units digit of 308935?
5
What is the units digit of 277382?
2
What is the units digit of 2723023?
3
What is the units digit of 294558?
8
What is the units digit of 4787928?
8
What is the millions digit of 14298794?
4
What is the hundreds digit of 364030?
0
What is the units digit of 5034282?
2
What is the ten thousands digit of 428418?
2
What is the hundred thousands digit of 558333?
5
What is the millions digit of 3717047?
3
What is the hundreds digit of 986162?
1
What is the tens digit of 186595?
9
What is the hundred thousands digit of 7724079?
7
What is the hundred thousands digit of 283658?
2
What is the units digit of 3377495?
5
What is the hundreds digit of 13838843?
8
What is the units digit of 14284083?
3
What is the ten thousands digit of 357601?
5
What is the thousands digit of 89843?
9
What is the tens digit of 5889609?
0
What is the ten thousands